when 54673970 is divided by 80640?
50
Calculate the remainder when 3681997 is divided by 66940.
297
What is the remainder when 187615 is divided by 567?
505
What is the remainder when 1725682 is divided by 215592?
946
What is the remainder when 992656 is divided by 542?
254
Calculate the remainder when 9848478 is divided by 3.
0
Calculate the remainder when 57923322 is divided by 374.
72
What is the remainder when 78050 is divided by 922?
602
What is the remainder when 462137 is divided by 1588?
29
What is the remainder when 1060591025 is divided by 353530341?
2
What is the remainder when 18609 is divided by 9239?
131
What is the remainder when 69951 is divided by 8741?
23
What is the remainder when 977479 is divided by 4791?
115
What is the remainder when 13375714 is divided by 80?
34
What is the remainder when 14241 is divided by 702?
201
What is the remainder when 524507 is divided by 36?
23
Calculate the remainder when 4059840 is divided by 9.
3
Calculate the remainder when 1544258 is divided by 3447.
2
Calculate the remainder when 7361776 is divided by 6.
4
What is the remainder when 1528293 is divided by 9?
3
Calculate the remainder when 3576 is divided by 1170.
66
Calculate the remainder when 23732 is divided by 1248.
20
What is the remainder when 443051 is divided by 378?
35
What is the remainder when 18470356 is divided by 1131?
1126
Calculate the remainder when 580413 is divided by 3302.
2563
Calculate the remainder when 21400701 is divided by 208.
205
What is the remainder when 9965972 is divided by 1537?
64
What is the remainder when 2211229 is divided by 4013?
66
What is the remainder when 223727 is divided by 111364?
999
What is the remainder when 188984 is divided by 11333?
7656
What is the remainder when 104401146 is divided by 2372753?
14
What is the remainder when 1516468 is divided by 758228?
12
Calculate the remainder when 109314 is divided by 101331.
7983
What is the remainder when 248687791 is divided by 489?
484
What is the remainder when 87514876 is divided by 326548?
12
Calculate the remainder when 38725 is divided by 9666.
61
Calculate the remainder when 628797395 is divided by 16885.
16880
Calculate the remainder when 90126450 is divided by 90126441.
9
What is the remainder when 29151696 is divided by 1900?
1896
Calculate the remainder when 172348748 is divided by 5136.
5132
What is the remainder when 26331064 is divided by 56?
32
What is the remainder when 3170828 is divided by 215?
8
Calculate the remainder when 145669637 is divided by 129.
128
What is the remainder when 2488506 is divided by 46952?
50
What is the remainder when 2774756 is divided by 462455?
26
Calculate the remainder when 1761800 is divided by 3441.
8
What is the remainder when 1090507 is divided by 7224?
6907
What is the remainder when 730266 is divided by 146028?
126
Calculate the remainder when 2208347 is divided by 25.
22
Calculate the remainder when 69708 is divided by 288.
12
Calculate the remainder when 14106681 is divided by 396.
369
What is the remainder when 12764015 is divided by 1330?
5
Calculate the remainder when 9798 is divided by 2044.
1622
What is the remainder when 620544 is divided by 8618?
48
Calculate the remainder when 1109151 is divided by 47.
45
What is the remainder when 42351 is divided by 1149?
987
Calculate the remainder when 349493793 is divided by 12.
9
Calculate the remainder when 367533 is divided by 7208.
7133
What is the remainder when 15083744 is divided by 3770917?
76
Calculate the remainder when 3081919 is divided by 312.
295
Calculate the remainder when 291009149 is divided by 49.
11
Calculate the remainder when 573679 is divided by 839.
642
What is the remainder when 20920382 is divided by 10460155?
72
Calculate the remainder when 2447 is divided by 646.
509
Calculate the remainder when 90149 is divided by 3915.
104
What is the remainder when 113115 is divided by 28003?
1103
Calculate the remainder when 196469 is divided by 1770.
1769
What is the remainder when 314402 is divided by 788?
778
Calculate the remainder when 1490161 is divided by 25685.
431
What is the remainder when 166398749 is divided by 905?
19
What is the remainder when 6108982 is divided by 5891?
15
What is the remainder when 4279026 is divided by 7228?
50
What is the remainder when 394163 is divided by 8195?
803
Calculate the remainder when 190445752 is divided by 1440.
1432
What is the remainder when 9866141 is divided by 14382?
89
What is the remainder when 39340708 is divided by 4195?
4193
Calculate the remainder when 2593728 is divided by 622.
610
Calculate the remainder when 103053829 is divided by 4773.
4759
Calculate the remainder when 4228844 is divided by 75.
44
What is the remainder when 6405957 is divided by 115?
112
Calculate the remainder when 9165921 is divided by 13.
11
What is the remainder when 10083650 is divided by 6370?
6310
What is the remainder when 18432868 is divided by 91?
90
Calculate the remainder when 72532 is divided by 2783.
174
Calculate the remainder when 2930288 is divided by 559.
10
What is the remainder when 2876344 is divided by 84598?
12
Calculate the remainder when 36562 is divided by 6.
4
Calculate the remainder when 64018 is divided by 1641.
19
What is the remainder when 334966 is divided by 2055?
1
Calculate the remainder when 31319 is divided by 7073.
3027
Calculate the remainder when 74066 is divided by 2076.
1406
What is the remainder when 5536568 is divided by 71903?
37
What is the remainder when 131257 is divided by 247?
100
What is the remainder when 18513134 is divided by 68?
66
What is the remainder when 412870 is divided by 4928?
3846
What is the remainder when 69595364 is divided by 42?
20
What is the remainder when 375475 is divided by 11026?
591
What is the remainder when 20104093 is divided by 16?
13
Calculate the remainder when 6315672 is divided by 6204.
0
Calculate the remainder when 38059558 is divided by 66.
64
What is the remainder when 175542 is divided by 190?
172
Calculate the remainder when 21225958 is divided by 27.
16
Calculate the remainder when 2752684 is divided by 414.
412
Calculate the remainder when 194409 is divided by 2457.
306
Calculate the remainder when 543362756 is divided by 2712.
2708
What is the remainder when 1090344 is divided by 371?
346
What is the remainder when 538376 is divided by 142?
54
Calculate the remainder when 197088 is divided by 321.
315
Calculate the remainder when 29126 is divided by 1345.
881
Calculate the remainder when 58252 is divided by 58188.
64
What is the remainder when 781404 is divided by 3892?
3004
What is the remainder when 53839 is divided by 53816?
23
Calculate the remainder when 1753993 is divided by 425.
18
What is the remainder when 1415474 is divided by 1415423?
51
What is the remainder when 75168 is divided by 32?
0
What is the remainder when 19354 is divided by 8001?
3352
Calculate the remainder when 1003186 is divided by 27112.
42
Calculate the remainder when 1813724 is divided by 75.
74
Calculate the remainder when 514805 is divided by 171566.
107
What is the remainder when 74003152 is divided by 140?
132
What is the remainder when 2398674 is divided by 11476?
190
What is the remainder when 151830 is divided by 6584?
398
Calculate the remainder when 8546 is divided by 3770.
1006
What is the remainder when 10195320 is divided by 1616?
1592
Calculate the remainder when 26559 is divided by 26145.
414
What is the remainder when 185646 is divided by 800?
46
Calculate the remainder when 46551329 is divided by 133.
132
Calculate the remainder when 78191 is divided by 3566.
3305
What is the remainder when 578766 is divided by 19956?
42
Calculate the remainder when 1154258 is divided by 1236.
1070
Calculate the remainder when 200008 is divided by 199839.
169
What is the remainder when 28104803 is divided by 1794?
1793
Calculate the remainder when 98146799 is divided by 360.
359
What is the remainder when 3619585 is divided by 416?
385
What is the remainder when 596815 is divided by 18649?
47
What is the remainder when 9408964 is divided by 503?
349
What is the remainder when 48462 is divided by 8647?
5227
What is the remainder when 574539 is divided by 762?
753
Calculate the remainder when 240046 is divided by 485.
456
Calcula